{"id":10,"date":"2026-02-01T16:42:53","date_gmt":"2026-02-01T16:42:53","guid":{"rendered":"http:\/\/www.immocoaching.fr\/?page_id=10"},"modified":"2026-03-19T15:37:54","modified_gmt":"2026-03-19T15:37:54","slug":"mentions-legales","status":"publish","type":"page","link":"https:\/\/www.immocoaching.fr\/?page_id=10","title":{"rendered":"mentions l\u00e9gales"},"content":{"rendered":"\t\t<div data-elementor-type=\"wp-post\" data-elementor-id=\"10\" class=\"elementor elementor-10\">\n\t\t\t\t<div class=\"elementor-element elementor-element-b000767 e-flex e-con-boxed tmpcoder-jarallax-no tmpcoder-parallax-no tmpcoder-particle-no tmpcoder-sticky-section-no e-con e-parent\" data-id=\"b000767\" data-element_type=\"container\" data-e-type=\"container\">\n\t\t\t\t\t<div class=\"e-con-inner\">\n\t\t\t\t<div class=\"elementor-element elementor-element-340cbce elementor-widget elementor-widget-heading\" data-id=\"340cbce\" data-element_type=\"widget\" data-e-type=\"widget\" data-widget_type=\"heading.default\">\n\t\t\t\t\t<h2 class=\"elementor-heading-title elementor-size-default\">Mentions l\u00e9gales<\/h2>\t\t\t\t<\/div>\n\t\t\t\t\t<\/div>\n\t\t\t\t<\/div>\n\t\t<div class=\"elementor-element elementor-element-0fa8f10 e-flex e-con-boxed tmpcoder-jarallax-no tmpcoder-parallax-no tmpcoder-particle-no tmpcoder-sticky-section-no e-con e-parent\" data-id=\"0fa8f10\" data-element_type=\"container\" data-e-type=\"container\">\n\t\t\t\t\t<div class=\"e-con-inner\">\n\t\t\t\t<div class=\"elementor-element elementor-element-9040a41 elementor-widget elementor-widget-text-editor\" data-id=\"9040a41\" data-element_type=\"widget\" data-e-type=\"widget\" data-widget_type=\"text-editor.default\">\n\t\t\t\t\t\t\t\t\t<h4>Immocoaching est une marque de la soci\u00e9t\u00e9 Presti home<\/h4><p>\u00a0<\/p><h3>Informations sur l&#8217;\u00e9diteur du site web.<\/h3><p>Eurl Presti Home<br \/>562 bd enco de pont &#8211; 13190 Allauch<br \/>capital 1000\u20ac<br \/>RCS Marseille 891 731 036<br \/>Carte professionnelle CPI 1310 2020 0000 045 391 d\u00e9livr\u00e9e par la cci de Marseille Provence<br \/>Garantie financi\u00e8re et rcp chez Matrisk assurances.<\/p><h3>Informations sur l&#8217;h\u00e9bergeur<\/h3><p>OVH SAS<br \/>2 rue Kellermann<br \/>59100 Roubaix<br \/>RCS Lille m\u00e9tropole 424 761 419<\/p><h3>Limitation de responsabilit\u00e9<\/h3><p>Presti Home a \u00e9tabli le contenu de ce site web avec professionnalisme. Presti Home s&#8217;efforce ainsi d&#8217;assurer au mieux de ses possibilit\u00e9s l&#8217;exactitude et la mise \u00e0 jour des informations diffus\u00e9es sur le site et se r\u00e9serve \u00e0 tout moment le droit d&#8217;en modifier le contenu sans notification pr\u00e9alable.<\/p><p>De ce fait, les informations et visuels diffus\u00e9s ont un caract\u00e8re exclusivement informatif et ne sauraient en aucun cas constituer un document contractuel.<br \/>Presti Home ne saurait \u00eatre tenu pour responsable de tout dommage direct ou indirect &#8211; quelles qu&#8217;en soient la cause, l&#8217;origine, la nature et les cons\u00e9quences &#8211; r\u00e9sultant de l&#8217;acc\u00e8s au site, de son utilisation ou de l&#8217;impossibilit\u00e9 d&#8217;y acc\u00e9der, ainsi que de tout dommage du mat\u00e9riel des utilisateurs.<\/p><h3>Propri\u00e9t\u00e9 intellectuelle<\/h3><p>L&#8217;ensemble du site, et chacun de ses \u00e9l\u00e9ments pris s\u00e9par\u00e9ment, constituent une \u0153uvre prot\u00e9g\u00e9e et rel\u00e8vent de la l\u00e9gislation fran\u00e7aise et internationale sur le droit d&#8217;auteur et la propri\u00e9t\u00e9 intellectuelle.<\/p><p>Aucune exploitation commerciale, reproduction, repr\u00e9sentation, utilisation, adaptation, modification, incorporation, traduction, commercialisation, partielle ou int\u00e9grale des \u00e9l\u00e9ments de ce site ne peut se faire sans l&#8217;autorisation pr\u00e9alable de la soci\u00e9t\u00e9 Presti Home.<\/p><p>La violation de ce droit de propri\u00e9t\u00e9 intellectuelle et\/ou industrielle est un d\u00e9lit de contrefa\u00e7on passible d&#8217;une peine de 2 ans d&#8217;emprisonnement et d&#8217;une amende de 150 000 euros.<\/p><h3>Liens<\/h3><p><span style=\"font-size: 15px;\">Tout mise en place d&#8217;un lien hypertexte vers le site www.prestihome.fr n\u00e9cessite une autorisation \u00e9crite pr\u00e9alable de la part de la soci\u00e9t\u00e9 Presti Home.<br \/>\u00a0Ces liens ne seront en aucun cas sous la responsabilit\u00e9 et le contr\u00f4le de la soci\u00e9t\u00e9 Presti Home qui ne saurait \u00eatre tenu responsable (contenu et utilisation) des sites ayant un lien hypertexte vers son propre site.<\/span><\/p><h3 style=\"font-size: 1.66667rem; font-style: normal;\">Juridiction comp\u00e9tente<\/h3><p><span style=\"font-size: 15px;\">Les conditions de vente sont r\u00e9gies par le droit fran\u00e7ais. Tous litiges susceptibles de survenir entres les parties seront tranch\u00e9s par le tribunal de commerce de Marseille.<\/span><\/p>\t\t\t\t\t\t\t\t<\/div>\n\t\t\t\t\t<\/div>\n\t\t\t\t<\/div>\n\t\t\t\t<\/div>\n\t\t","protected":false},"excerpt":{"rendered":"<p>Mentions l\u00e9gales Immocoaching est une marque de la soci\u00e9t\u00e9 Presti home \u00a0 Informations sur l&#8217;\u00e9diteur du site web. Eurl Presti [&hellip;]<\/p>\n","protected":false},"author":1,"featured_media":0,"parent":0,"menu_order":0,"comment_status":"closed","ping_status":"closed","template":"","meta":{"site-sidebar-layout":"no-sidebar","site-content-layout":"","ast-site-content-layout":"full-width-container","site-content-style":"default","site-sidebar-style":"default","ast-global-header-display":"","ast-banner-title-visibility":"","ast-main-header-display":"","ast-hfb-above-header-display":"","ast-hfb-below-header-display":"","ast-hfb-mobile-header-display":"","site-post-title":"disabled","ast-breadcrumbs-content":"","ast-featured-img":"disabled","footer-sml-layout":"","ast-disable-related-posts":"","theme-transparent-header-meta":"","adv-header-id-meta":"","stick-header-meta":"","header-above-stick-meta":"","header-main-stick-meta":"","header-below-stick-meta":"","astra-migrate-meta-layouts":"default","ast-page-background-enabled":"default","ast-page-background-meta":{"desktop":{"background-color":"var(--ast-global-color-5)","background-image":"","background-repeat":"repeat","background-position":"center center","background-size":"auto","background-attachment":"scroll","background-type":"","background-media":"","overlay-type":"","overlay-color":"","overlay-opacity":"","overlay-gradient":""},"tablet":{"background-color":"","background-image":"","background-repeat":"repeat","background-position":"center center","background-size":"auto","background-attachment":"scroll","background-type":"","background-media":"","overlay-type":"","overlay-color":"","overlay-opacity":"","overlay-gradient":""},"mobile":{"background-color":"","background-image":"","background-repeat":"repeat","background-position":"center center","background-size":"auto","background-attachment":"scroll","background-type":"","background-media":"","overlay-type":"","overlay-color":"","overlay-opacity":"","overlay-gradient":""}},"ast-content-background-meta":{"desktop":{"background-color":"var(--ast-global-color-4)","background-image":"","background-repeat":"repeat","background-position":"center center","background-size":"auto","background-attachment":"scroll","background-type":"","background-media":"","overlay-type":"","overlay-color":"","overlay-opacity":"","overlay-gradient":""},"tablet":{"background-color":"var(--ast-global-color-4)","background-image":"","background-repeat":"repeat","background-position":"center center","background-size":"auto","background-attachment":"scroll","background-type":"","background-media":"","overlay-type":"","overlay-color":"","overlay-opacity":"","overlay-gradient":""},"mobile":{"background-color":"var(--ast-global-color-4)","background-image":"","background-repeat":"repeat","background-position":"center center","background-size":"auto","background-attachment":"scroll","background-type":"","background-media":"","overlay-type":"","overlay-color":"","overlay-opacity":"","overlay-gradient":""}},"footnotes":""},"class_list":["post-10","page","type-page","status-publish","hentry"],"yoast_head":"<!-- This site is optimized with the Yoast SEO plugin v27.2 - https:\/\/yoast.com\/product\/yoast-seo-wordpress\/ -->\n<title>mentions l\u00e9gales - Immo coaching<\/title>\n<meta name=\"robots\" content=\"index, follow, max-snippet:-1, max-image-preview:large, max-video-preview:-1\" \/>\n<link rel=\"canonical\" href=\"https:\/\/www.immocoaching.fr\/?page_id=10\" \/>\n<meta property=\"og:locale\" content=\"fr_FR\" \/>\n<meta property=\"og:type\" content=\"article\" \/>\n<meta property=\"og:title\" content=\"mentions l\u00e9gales - Immo coaching\" \/>\n<meta property=\"og:description\" content=\"Mentions l\u00e9gales Immocoaching est une marque de la soci\u00e9t\u00e9 Presti home \u00a0 Informations sur l&#8217;\u00e9diteur du site web. Eurl Presti [&hellip;]\" \/>\n<meta property=\"og:url\" content=\"https:\/\/www.immocoaching.fr\/?page_id=10\" \/>\n<meta property=\"og:site_name\" content=\"Immo coaching\" \/>\n<meta property=\"article:publisher\" content=\"https:\/\/www.facebook.com\/profile.php?id=61587089323901\" \/>\n<meta property=\"article:modified_time\" content=\"2026-03-19T15:37:54+00:00\" \/>\n<meta name=\"twitter:card\" content=\"summary_large_image\" \/>\n<meta name=\"twitter:label1\" content=\"Dur\u00e9e de lecture estim\u00e9e\" \/>\n\t<meta name=\"twitter:data1\" content=\"2 minutes\" \/>\n<script type=\"application\/ld+json\" class=\"yoast-schema-graph\">{\"@context\":\"https:\/\/schema.org\",\"@graph\":[{\"@type\":\"WebPage\",\"@id\":\"https:\/\/www.immocoaching.fr\/?page_id=10\",\"url\":\"https:\/\/www.immocoaching.fr\/?page_id=10\",\"name\":\"mentions l\u00e9gales - Immo coaching\",\"isPartOf\":{\"@id\":\"https:\/\/www.immocoaching.fr\/#website\"},\"datePublished\":\"2026-02-01T16:42:53+00:00\",\"dateModified\":\"2026-03-19T15:37:54+00:00\",\"breadcrumb\":{\"@id\":\"https:\/\/www.immocoaching.fr\/?page_id=10#breadcrumb\"},\"inLanguage\":\"fr-FR\",\"potentialAction\":[{\"@type\":\"ReadAction\",\"target\":[\"https:\/\/www.immocoaching.fr\/?page_id=10\"]}]},{\"@type\":\"BreadcrumbList\",\"@id\":\"https:\/\/www.immocoaching.fr\/?page_id=10#breadcrumb\",\"itemListElement\":[{\"@type\":\"ListItem\",\"position\":1,\"name\":\"Accueil\",\"item\":\"https:\/\/www.immocoaching.fr\/\"},{\"@type\":\"ListItem\",\"position\":2,\"name\":\"mentions l\u00e9gales\"}]},{\"@type\":\"WebSite\",\"@id\":\"https:\/\/www.immocoaching.fr\/#website\",\"url\":\"https:\/\/www.immocoaching.fr\/\",\"name\":\"Immo coaching\",\"description\":\"Vendez seul mais bien accompagn\u00e9\",\"publisher\":{\"@id\":\"https:\/\/www.immocoaching.fr\/#organization\"},\"potentialAction\":[{\"@type\":\"SearchAction\",\"target\":{\"@type\":\"EntryPoint\",\"urlTemplate\":\"https:\/\/www.immocoaching.fr\/?s={search_term_string}\"},\"query-input\":{\"@type\":\"PropertyValueSpecification\",\"valueRequired\":true,\"valueName\":\"search_term_string\"}}],\"inLanguage\":\"fr-FR\"},{\"@type\":\"Organization\",\"@id\":\"https:\/\/www.immocoaching.fr\/#organization\",\"name\":\"Immo coaching\",\"url\":\"https:\/\/www.immocoaching.fr\/\",\"logo\":{\"@type\":\"ImageObject\",\"inLanguage\":\"fr-FR\",\"@id\":\"https:\/\/www.immocoaching.fr\/#\/schema\/logo\/image\/\",\"url\":\"https:\/\/www.immocoaching.fr\/wp-content\/uploads\/2026\/02\/cropped-ChatGPT-Image-1-fevr.-2026-16_22_05-bis.png\",\"contentUrl\":\"https:\/\/www.immocoaching.fr\/wp-content\/uploads\/2026\/02\/cropped-ChatGPT-Image-1-fevr.-2026-16_22_05-bis.png\",\"width\":1069,\"height\":295,\"caption\":\"Immo coaching\"},\"image\":{\"@id\":\"https:\/\/www.immocoaching.fr\/#\/schema\/logo\/image\/\"},\"sameAs\":[\"https:\/\/www.facebook.com\/profile.php?id=61587089323901\"]}]}<\/script>\n<!-- \/ Yoast SEO plugin. -->","yoast_head_json":{"title":"mentions l\u00e9gales - Immo coaching","robots":{"index":"index","follow":"follow","max-snippet":"max-snippet:-1","max-image-preview":"max-image-preview:large","max-video-preview":"max-video-preview:-1"},"canonical":"https:\/\/www.immocoaching.fr\/?page_id=10","og_locale":"fr_FR","og_type":"article","og_title":"mentions l\u00e9gales - Immo coaching","og_description":"Mentions l\u00e9gales Immocoaching est une marque de la soci\u00e9t\u00e9 Presti home \u00a0 Informations sur l&#8217;\u00e9diteur du site web. Eurl Presti [&hellip;]","og_url":"https:\/\/www.immocoaching.fr\/?page_id=10","og_site_name":"Immo coaching","article_publisher":"https:\/\/www.facebook.com\/profile.php?id=61587089323901","article_modified_time":"2026-03-19T15:37:54+00:00","twitter_card":"summary_large_image","twitter_misc":{"Dur\u00e9e de lecture estim\u00e9e":"2 minutes"},"schema":{"@context":"https:\/\/schema.org","@graph":[{"@type":"WebPage","@id":"https:\/\/www.immocoaching.fr\/?page_id=10","url":"https:\/\/www.immocoaching.fr\/?page_id=10","name":"mentions l\u00e9gales - Immo coaching","isPartOf":{"@id":"https:\/\/www.immocoaching.fr\/#website"},"datePublished":"2026-02-01T16:42:53+00:00","dateModified":"2026-03-19T15:37:54+00:00","breadcrumb":{"@id":"https:\/\/www.immocoaching.fr\/?page_id=10#breadcrumb"},"inLanguage":"fr-FR","potentialAction":[{"@type":"ReadAction","target":["https:\/\/www.immocoaching.fr\/?page_id=10"]}]},{"@type":"BreadcrumbList","@id":"https:\/\/www.immocoaching.fr\/?page_id=10#breadcrumb","itemListElement":[{"@type":"ListItem","position":1,"name":"Accueil","item":"https:\/\/www.immocoaching.fr\/"},{"@type":"ListItem","position":2,"name":"mentions l\u00e9gales"}]},{"@type":"WebSite","@id":"https:\/\/www.immocoaching.fr\/#website","url":"https:\/\/www.immocoaching.fr\/","name":"Immo coaching","description":"Vendez seul mais bien accompagn\u00e9","publisher":{"@id":"https:\/\/www.immocoaching.fr\/#organization"},"potentialAction":[{"@type":"SearchAction","target":{"@type":"EntryPoint","urlTemplate":"https:\/\/www.immocoaching.fr\/?s={search_term_string}"},"query-input":{"@type":"PropertyValueSpecification","valueRequired":true,"valueName":"search_term_string"}}],"inLanguage":"fr-FR"},{"@type":"Organization","@id":"https:\/\/www.immocoaching.fr\/#organization","name":"Immo coaching","url":"https:\/\/www.immocoaching.fr\/","logo":{"@type":"ImageObject","inLanguage":"fr-FR","@id":"https:\/\/www.immocoaching.fr\/#\/schema\/logo\/image\/","url":"https:\/\/www.immocoaching.fr\/wp-content\/uploads\/2026\/02\/cropped-ChatGPT-Image-1-fevr.-2026-16_22_05-bis.png","contentUrl":"https:\/\/www.immocoaching.fr\/wp-content\/uploads\/2026\/02\/cropped-ChatGPT-Image-1-fevr.-2026-16_22_05-bis.png","width":1069,"height":295,"caption":"Immo coaching"},"image":{"@id":"https:\/\/www.immocoaching.fr\/#\/schema\/logo\/image\/"},"sameAs":["https:\/\/www.facebook.com\/profile.php?id=61587089323901"]}]}},"_links":{"self":[{"href":"https:\/\/www.immocoaching.fr\/index.php?rest_route=\/wp\/v2\/pages\/10","targetHints":{"allow":["GET"]}}],"collection":[{"href":"https:\/\/www.immocoaching.fr\/index.php?rest_route=\/wp\/v2\/pages"}],"about":[{"href":"https:\/\/www.immocoaching.fr\/index.php?rest_route=\/wp\/v2\/types\/page"}],"author":[{"embeddable":true,"href":"https:\/\/www.immocoaching.fr\/index.php?rest_route=\/wp\/v2\/users\/1"}],"replies":[{"embeddable":true,"href":"https:\/\/www.immocoaching.fr\/index.php?rest_route=%2Fwp%2Fv2%2Fcomments&post=10"}],"version-history":[{"count":7,"href":"https:\/\/www.immocoaching.fr\/index.php?rest_route=\/wp\/v2\/pages\/10\/revisions"}],"predecessor-version":[{"id":342,"href":"https:\/\/www.immocoaching.fr\/index.php?rest_route=\/wp\/v2\/pages\/10\/revisions\/342"}],"wp:attachment":[{"href":"https:\/\/www.immocoaching.fr\/index.php?rest_route=%2Fwp%2Fv2%2Fmedia&parent=10"}],"curies":[{"name":"wp","href":"https:\/\/api.w.org\/{rel}","templated":true}]}}